What is the highest common factor of 792 and q?
72
Suppose 14854 = 10*y - 6*y - 2*s, s = 7. Calculate the greatest common factor of y and 236.
59
Suppose -5*g + 5*c - 9*c = 1014, 16 = 4*c. Let f = -182 - g. What is the highest common factor of 12 and f?
12
Let z(u) = 31*u + 159. Let d be z(-4). Let r = -588 + 833. What is the highest common factor of d and r?
35
Suppose 20 = 3*l + 2*l, 2*c = l + 436. Let p = 226 - c. What is the highest common factor of p and 18?
6
Let y be (120/28)/((-1)/(-7)). Let i be ((-2)/(-6) - 0)*(-15 - -15). Let l be 3/(5 - (-8)/(-2)) - i. Calculate the greatest common divisor of y and l.
3
Let g(y) = 2*y**3 - 11*y**2 - 13*y - 15. Let u be g(7). Let a(v) = v + 26. Let p be a(-25). What is the highest common factor of u and p?
1
Suppose -6*t + t = -3*u + 173, -3*u + 167 = t. Let y(k) = k**3 + 23*k**2 + 30*k + 28. Let w be y(-21). Calculate the greatest common divisor of w and u.
56
Let g be -7*(-392)/(-42)*18/(-4). Calculate the highest common divisor of g and 450.
6
Let t = -13149 + 13265. Calculate the highest common divisor of t and 6844.
116
Let t be 11/3*(-117)/(39/(-3)). Calculate the greatest common factor of 77 and t.
11
Let t(w) = -w**3 + 11*w**2 - 44*w + 88. Let k be t(5). Suppose z + z - 34 = 4*c, 2*z = 5*c + 29. Calculate the highest common divisor of k and z.
9
Let y(p) = p**2 - 15*p - 40. Let f be y(-3). Suppose -142 = -4*c - 2*j, 5*c + 16*j - 177 = f*j. Calculate the greatest common factor of 665 and c.
35
Let z be (-1 - -1)/(4 - 1). Let n be (0/(-4 - z))/(-3). Suppose 21 = 4*p - 3*p + 3*t, -5*p - 5*t + 95 = n. What is the highest common divisor of 54 and p?
18
Suppose 3*h - 9*w - 59 = -14*w, 0 = w - 1. Suppose 517 = h*b - 23. Calculate the greatest common factor of 480 and b.
30
Suppose 184 = 3*v - 1484. Calculate the highest common divisor of 16 and v.
4
Let g = -5209 + 5262. Calculate the highest common factor of 2809 and g.
53
Suppose 2*c - 2192 = -5*o + 3300, 3*c = 5*o + 8288. What is the highest common factor of 104 and c?
52
Let u(z) = 23*z**3 + 3*z**2 - 2*z + 14. Let w be u(5). Suppose 4*k - w + 194 = 0. What is the highest common divisor of k and 23?
23
Let i = 111 - -27. Let f(r) = -12*r. Let b be f(-1). What is the greatest common factor of b and i?
6
Suppose 160*u - 29646 = -83*u. Calculate the greatest common divisor of 8235 and u.
61
Let r be (180/21)/(2/14). Let q(k) = -8*k - 484. Let x be q(-73). What is the greatest common factor of x and r?
20
Suppose -402 = -4*o + 10*a, -2*o - 256*a + 260*a + 202 = 0. Calculate the greatest common factor of o and 45217.
103
Suppose 270 = 37*t - 9*t + 2*t. Calculate the greatest common factor of 738 and t.
9
Let f be (-2522)/(-15) + (-374)/2805. What is the highest common divisor of 2072 and f?
56
Let l be 2 - (-2*1/(-5))/((-45)/22050). Calculate the greatest common divisor of l and 270.
18
Let l be 35/(-11) - (-10)/55 - -2. Let z be 12/28*(6 - l). Let h(a) = a**3 - a**2 - 2*a. Let o be h(3). What is the highest common divisor of o and z?
3
Suppose 0 = -2*w + 5*y + 101, 0*w + 3*y - 93 = -2*w. Let k be (-1)/(-8) - ((-2730)/48 + -3). What is the highest common factor of w and k?
12
Suppose 228000 = 1112*h - 1093*h. What is the greatest common factor of h and 720?
240
Let l be 27/15*-2*193430/(-69). What is the greatest common divisor of l and 4?
4
Let v be (-45 - -4)*(-7)/(14/6). What is the greatest common factor of 2050 and v?
41
Let y(x) = -78*x + 254. Let g be y(-25). Suppose i = 3*d - 943, -5*d - 4*i - 621 = -g. Calculate the highest common divisor of d and 9.
9
Suppose 4*n + 5*x = 113, 23 - 69 = -3*n + 4*x. Let b = -1623 + 2437. Calculate the greatest common factor of b and n.
22
Suppose -7*z - 20*z = -2149 - 1091. What is the greatest common factor of z and 820?
20
Let a = -6522 + 7435. What is the greatest common factor of 11 and a?
11
Suppose 3*w - 8 = 4*q + 147, 0 = 4*w - 5*q - 206. Let k = -39 + w. What is the highest common divisor of k and 250?
10
Let h(z) = -z**3 + 55*z**2 + 171*z + 342. Let u be h(58). What is the greatest common factor of u and 42?
42
Let t(x) = x**2 + 19*x + 55. Let o be t(-17). Suppose -8*p + o = -5*p. Let z be 2/(-4) + (-114)/(-4). Calculate the highest common divisor of z and p.
7
Let h = 849 - 713. Suppose -4*x - a - 1021 = -9*x, -a = -2*x + 409. What is the highest common factor of x and h?
68
Suppose 3*z - 67 = -m + 3*m, -3*m - 6 = 0. Let v = 602 - 434. Suppose 69*t - 71*t = -v. What is the highest common factor of t and z?
21
Let p = -58 + 58. Suppose 0 = t - p*t - 180. Suppose -7*i + t = 2*i. What is the greatest common divisor of i and 120?
20
Let g(b) = 9*b**2 - b + 2*b - b**3 - 11*b + 7 - 3. Let a be g(8). Let h be 1*3*4/(a/(-45)). Calculate the greatest common factor of 5 and h.
5
Let s be (-4)/(-3)*1/2*-3*-75. What is the highest common factor of s and 580?
10
Let u = 15087 + -15016. Let t be 426/(-2)*66/(-18). What is the highest common divisor of u and t?
71
Let y be 336/6 + (-448)/(-28). Calculate the greatest common factor of 16776 and y.
72
Let h be 30/(-18)*48/(2/1). Let r be ((-3)/1 - h/(-15))*-3. Let a = 156 - -31. What is the greatest common divisor of a and r?
17
Let p = -1595 - -2747. Calculate the greatest common factor of 90 and p.
18
Let x(t) = t**2. Let d(r) = 5*r**2 - r - 51. Let m(p) = d(p) - 3*x(p). Let b be m(12). What is the highest common divisor of b and 25?
25
Let d be -70*(1743/(-415) - (0 - 3)). What is the greatest common factor of d and 728?
28
Suppose 3*u - c = -2, 5*c = -4*u + 2*c + 6. Suppose 12*a - 16*a + 180 = u. What is the greatest common divisor of a and 10?
5
Let m be (19300/(-225))/((-8)/36). Calculate the greatest common divisor of 6 and m.
2
Let k(c) = -c**2 + 6*c - 8. Suppose -3*n + 9 + 9 = 0. Let l be k(n). Let y be (-38)/l + 5/20. What is the highest common factor of y and 1?
1
Suppose -32*x - 174 = -14. Let u be 6/(270/41103) + 2/x. Calculate the highest common divisor of 83 and u.
83
Let i be 9840 + 45/(-75) + (-42)/5. Calculate the highest common divisor of 87 and i.
87
Suppose -461 = -s - 2*b, -5*s - 12*b = -7*b - 2315. Calculate the highest common factor of s and 1767.
93
Suppose 5*i - n = 2*i - 8, -i + 4*n + 1 = 0. Let a = 6 + i. Let q be (3/(-5))/(2*a/(-30)). What is the highest common factor of q and 2?
1
Suppose -302 = 9*x + 94. Let s = x + 110. Calculate the greatest common factor of 44 and s.
22
Suppose 0 = 2*o - 2*b - 176, 0 = 9*b - 8*b - 3. Let i = 62 + -36. What is the greatest common divisor of i and o?
13
Let z(j) = j + 50. Suppose 6*v + 6 - 30 = 0. Suppose 8*m = v*m - 80. Let f be z(m). What is the greatest common factor of f and 105?
15
Let v be ((-16)/(-32))/(1/(-2)) + -261. Let o = v + 290. Suppose -f + 4*f + 2*j - 65 = 0, -18 = -f + 3*j. What is the highest common divisor of f and o?
7
Let k = 4 - -10. Suppose 0 = -9*f + k*f - 175. Let g = 23 - -257. Calculate the highest common factor of f and g.
35
Let k(p) = p**3 + 6*p**2 + 9*p + 3. Let b be k(-3). Suppose y = -h - 1, 5*y + 4 = -4*h + b. What is the highest common factor of y and 51?
3
Suppose -2*j = 2*j - 12. Let i = -5665 - -5794. Calculate the highest common divisor of j and i.
3
Let t = -273 + 1015. Calculate the highest common factor of 28 and t.
14
Suppose -3*y + 1143 = 3*o, 4*o - 6*y - 1489 = -3*y. Suppose -4*s = 5*r + 5 - o, 3*s = -3. What is the highest common divisor of 100 and r?
25
Let n = -14 - -18. Suppose -n*f = -f - 12, 3*x - 262 = 5*f. What is the highest common divisor of 4 and x?
2
Suppose 5079 + 10450 = 9*p - 2120. Calculate the greatest common factor of p and 424.
53
Suppose 2582 = -3*o - 2*j + 2686, 7*o - 291 = 5*j. Let t = 1 - 1. Suppose t = -5*z + 3*z + 76. Calculate the highest common divisor of z and o.
38
Suppose 17*m = 32*m - 8820. Calculate the greatest common factor of m and 480.
12
Suppose -4*a + 1326 = -1362. Suppose 23*g + a = 21*g. Let z = -171 - g. What is the highest common divisor of z and 66?
33
Suppose 415 - 115 = 55*m + 5*m. What is the highest common divisor of m and 2685?
5
Let r(c) = 292*c - 11861. Let a be r(89). What is the highest common divisor of a and 51?
51
Let f = 54 + -12. Let c be (28/(-126) - 64/(-18))*3. Let s be ((-18)/c + -1)/(1/(-5)). What is the highest common factor of s and f?
14
Let b(v) = v**2 + 41. Let p = 96 - 61. Suppose 136 